 t(i) = -6*i**2 - i + 1. Give t(f).
-6
Let k(s) be the first derivative of -4/3*s**3 + 0*s - 3 + s**2 - 1/4*s**4. Give k(-4).
-8
Let v(q) = -6*q**3 - 5*q**2 + 4*q + 2. Let k(x) = -3*x**3 - 2*x**2 + 2*x + 1. Let r(u) = -5*k(u) + 2*v(u). Calculate r(-1).
-2
Let z(a) be the first derivative of -5/3*a**3 + 1/2*a**2 + 1 + 5*a - 1/4*a**4. Determine z(-5).
0
Let l(m) be the first derivative of m**2/2 - m + 4. What is l(-4)?
-5
Let x be -4 - -6 - 3/3. Let w(s) = -2*s + 5*s + 3 + x - s. Determine w(-7).
-10
Let l(d) = -d. Let a be l(-3). Let r(j) = 2*j - 3. Let q be r(a). Let t(u) = -u**3 - 3*u**3 + 3*u**q + 3*u + 3*u**2 - 4. Give t(3).
5
Let j(a) be the second derivative of 1/2*a**3 + 0*a**2 + 2*a + 1/20*a**5 + 1/3*a**4 + 0. Determine j(-2).
2
Let z(b) = -b + 2. Suppose 6 + 0 = 3*y. What is z(y)?
0
Let x(m) = -m**3 - 6*m**2 + 2*m + 12. Let i be x(-6). Let l(d) = -1. Let t(y) = y + 3. Let j(z) = 4*l(z) + t(z). Determine j(i).
-1
Let l(y) = -7*y + 4. Let r(z) = -8*z + 3. Let n(u) = 6*u**3 + u**2 - u + 1. Let j be n(1). Let s(g) = j*l(g) - 6*r(g). Give s(7).
3
Let k(a) = -2*a - 1. Let w(m) = m + 1. Let l(h) = -k(h) - 3*w(h). Suppose 0 = -5*d - 5*x + 10, -4*x + 0 = -3*d - 1. Let f be (d + 1)*(0 - -1). Calculate l(f).
-4
Let p(c) = c + 5. Let z(f) = -3*f + 9. Let n be z(5). What is p(n)?
-1
Let s be 1*-1 - (-5 - -1). Let q(a) be the first derivative of a**3/3 - 5*a**2/2 - a + 1. Give q(s).
-7
Suppose 5*d = 39 - 9. Let p(c) = c + 4*c**3 - 6 - d*c**3 - 9*c**2 + c**3 + 8*c**2. Determine p(0).
-6
Let f(c) = -2 - 2 - c**2 + 7*c**2 + 3. Calculate f(1).
5
Suppose 10 = 3*c + 1. Let f(v) = 4*v**2 - 2*v - 2. Let g(m) = 7*m**2 - 4*m - 4. Let a(z) = c*g(z) - 5*f(z). What is a(3)?
1
Let s(w) be the second derivative of w**4/12 + 4*w**3/3 + w**2/2 - 5*w. Determine s(-7).
-6
Suppose 7 = 3*h + 1. Let j(f) be the second derivative of -f + 1/3*f**3 + h*f**2 + 1/4*f**4 + 0 + 1/20*f**5. Give j(-3).
-2
Let r = -11 + 5. Let q(c) = -5*c**2 + 3*c - 5. Let o(n) = -6*n**2 + 4*n - 6. Let s(y) = r*o(y) + 7*q(y). What is s(4)?
5
Let t(n) = n**3 + 5. Suppose 5*b = -0*b + 15. Suppose 3 = -c, -b*c - 6 = -2*v - c. Let p be t(v). Let l(o) = o**3 - 4*o**2 - 7*o + 6. What is l(p)?
-4
Let i(z) = -z**2 + 2*z + 3. Suppose 4*d = 5*j - 36, -j + 4*j + 5*d = 29. Suppose -10*n - j = -6*n. What is i(n)?
-5
Let f(l) be the first derivative of l**5/20 + l**4/12 + l**2/2 + l - 1. Let i(s) be the first derivative of f(s). Calculate i(-2).
-3
Let t(k) be the second derivative of -k**3/6 - 3*k**2/2 - 5*k. What is t(-4)?
1
Let c(t) = -8 + 1 + 2 - 2*t + 0. Calculate c(-4).
3
Let x be 8/4*(-10)/4. Let a(h) = -h**3 - 3*h**2 + 7*h - 2. Calculate a(x).
13
Let v(z) = 0 + 3*z**2 + 1 + 1 - 2*z**2 + 0 - 6*z. Suppose -2*m + 3 - 1 = 0. Suppose 3*t - 5*q = 17, 5*q - 2 - m = -2*t. Calculate v(t).
-6
Let d be (-1)/3*3*3. Let s be (d*5)/(-3) + -1. Let l(c) = c**2 + 2*c - 3. Let t(a) = a**2 + a - 4. Let f(g) = s*t(g) - 5*l(g). What is f(-5)?
4
Let i(m) = -14 - 11*m + 6 + 14*m. Give i(6).
10
Let b(l) = l + 1. Let h be b(-4). Let i(c) = -11*c + 8*c + 6*c. Give i(h).
-9
Let m(p) be the third derivative of p**4/12 - p**3/2 - 60*p**2. Let t be 20/6 - 2/(-3). Suppose k + 8 = -5*c, 2*k = -0*k + t*c + 12. Determine m(k).
1
Let f(c) = c**2 + 6*c + 4. Let l(b) = -b**2 - 8*b - 16. Let k be l(-6). Give f(k).
-4
Let h be 37/7 + 6/(-21). Suppose 0*w - h*w = -30. Let v(i) = -i**2 + 0*i**2 + 6 - w*i + 2*i**2. What is v(5)?
1
Let i(u) = -u - 1 - 1 - 3. Give i(-6).
1
Let q(v) = 4 - 3*v + 7*v - 2*v. Suppose o = -2*o + 12. Calculate q(o).
12
Let s = 5 + -7. Let m be (6/s)/((-6)/4). Let l(f) = f**3 - 2*f**2 - 1. What is l(m)?
-1
Let r be 1/((-2)/10 - 0). Let s(y) be the third derivative of -y**7/5040 - y**6/120 - y**5/10 + 5*y**2. Let f(t) be the third derivative of s(t). Give f(r).
-1
Suppose -2*s - 8 = -3*q, 0*q - 3*s + 22 = 4*q. Suppose q*m + 0*m - 8 = 0. Let j = m - 5. Let v(l) = -l + 2. What is v(j)?
5
Let m(l) be the second derivative of l**5/20 - l**4/3 + l**3/6 + 2*l**2 + 11*l. Give m(3).
-2
Let j be ((-2)/6)/((-1)/(-3)). Let q(i) = 1 - 2*i**2 + 0*i**2 + 3*i**2 + 2*i. Calculate q(j).
0
Suppose -4*p = -9 + 25. Let w(c) be the first derivative of -3*c + 1/3*c**3 + 3/2*c**2 - 1. What is w(p)?
1
Let g(i) = -i. Let w be 6/(-3*(-1)/9). Suppose 2*h - 3*p + 10 = 0, 5*p = -0*h + 4*h + w. Let m be (-1 - 0)/(h/6). Determine g(m).
-3
Suppose 0*y = -y - 6. Let u(i) = -2*i - 7. Determine u(y).
5
Suppose -2*f = -2*m + 28, 4*f = -2*m - 3*m + 61. Let o(j) = -1 - 2 + 0 + 2 - m*j**2 + 2*j. What is o(1)?
-12
Let a(t) = -t**3 + 6*t**2 - 6*t + 3. Suppose -2*l = l - q - 13, -q = -4*l + 17. Calculate a(l).
11
Let m(i) = i**3 + 9*i**2 - i - 2. Let j be m(-9). Let b(z) = j + 0*z - 3*z + z + z. Determine b(5).
2
Let i be (-1 - -4) + 1 + 0. Suppose 0 = -5*u - 0*u - 25, -3*u = h + 10. Let w(c) = 4*c**2 - 5*c**3 - h*c + i*c**3 + 3*c. What is w(2)?
4
Let a(p) = 4*p - p**3 + 3 + 2 + 0*p**3 - 9 + 2*p**2. Determine a(3).
-1
Suppose 0*z - 7 = z - 2*f, f = 3*z - 4. Let c(s) = 2*s**2 - 2*s. Let l(k) = -k**2 + k. Let x = -9 - -13. Let d(r) = x*c(r) + 7*l(r). What is d(z)?
6
Let f(i) = -27*i + 10*i + 16*i + 5. Determine f(8).
-3
Let l(r) be the third derivative of r**8/20160 - r**7/1260 + r**6/240 + r**5/15 - 4*r**2. Let b(y) be the third derivative of l(y). Calculate b(4).
3
Let u(g) = g**3 + 5*g**2 - 1. Let h = -26 + 21. Calculate u(h).
-1
Suppose 3*v + 12 + 3 = 0. Let g = v - -6. Let z(i) = -10*i**3 + 2*i**2 - 4*i - 1. Let d(a) = -a**3 - a - 1. Let u(o) = 2*d(o) - z(o). Give u(g).
7
Let w(k) = 6*k**2 - 4*k + 10. Let a(p) = -5*p**2 + 5*p - 10. Let s(o) = -5*a(o) - 4*w(o). Give s(7).
-4
Let t(a) = -a**2 - 10*a - 2. Let z be t(-10). Let p(s) = s**2 + 2*s + 3. Give p(z).
3
Let a(n) = -2*n**2 - 2*n**2 + n**2. Suppose -10*z = -7*z - 3. What is a(z)?
-3
Let p(b) = -7*b + 0*b - 5*b + 1 + 14*b. Determine p(6).
13
Let t(a) = a - 4. Let r(u) = 2*u - 8. Let j(s) = 3*r(s) - 5*t(s). Give j(5).
1
Let f be (2/(-3))/((-9)/162). Suppose f = -2*d - 2*d, 2*r + 3 = 3*d. Let h(u) = -u**3 - 7*u**2 - 6*u. Give h(r).
0
Let g be ((-2)/(-3)*-3)/(-6). Let v(h) be the first derivative of -5/2*h**2 - g*h**3 + 3 - 2*h. What is v(-4)?
2
Let m(n) = 3*n + 0*n - n**2 - 3 + 10. Let h be m(5). Let z(v) = -v**2 - 5*v - 4. Calculate z(h).
2
Let i be (-1)/(-2) - (-11)/2. Let s(b) = -b + 7. Let q be s(i). Let y(o) be the third derivative of -o**6/60 + o**4/24 - o**3/6 - o**2. Calculate y(q).
-2
Let a(o) be the first derivative of 0*o + 7 - 1/2*o**4 - 1/3*o**3 - 1/2*o**2. Determine a(-2).
14
Let o(a) = -a + 2. Let l be o(-2). Let j(h) = -h**2 - h. Let c(p) = 6*p**2 + 3*p - 3. Let g(n) = -c(n) - 5*j(n). Give g(l).
-5
Suppose -2*u + 5*c + 16 = 0, 0 = -2*u - 0*c + 4*c + 14. Let j(m) = -4*m - 2. What is j(u)?
-14
Let f(a) be the third derivative of -a**6/12 + a**4/12 - a**3/6 - 6*a**2. Determine f(1).
-9
Let n(o) = o + 17. Let m be n(-21). Let f(i) = i**3 + 3*i**2 - i + 5. Calculate f(m).
-7
Suppose 4 = 4*l + l + 3*b, 2*l + 6 = -5*b. Let d(x) be the second derivative of -3*x + 1/3*x**3 + 1/12*x**4 + 0 + 0*x**l. Give d(-2).
0
Suppose -4*l = -p - 14, 6 = 2*l + 2*l + 3*p. Let h = l + -6. Let s(y) = 3 + 2*y**2 - 5 - 8*y + 3*y + y**3. Give s(h).
4
Let k = 16 - 20. Let x(u) be the third derivative of u**4/24 - u**3/3 - u**2. Give x(k).
-6
Let x(p) be the third derivative of -p**6/120 - 3*p**5/20 - 3*p**4/8 + 5*p**3/6 - 29*p**2. Calculate x(-8).
13
Let n(m) = -8*m**3 + m**2 - m - 1. Let b be n(-1). Suppose 0 = 14*j - b*j + 30. Let o(v) = -v**2 - 6*v - 4. Give o(j).
-4
Let s(y) = -y**2 - 11*y - 9. Suppose 11*z + 85 = -3. Calculate s(z).
15
Suppose -3*f + 20 - 14 = 0. Let b(a) = -a**3 - a + 1. Give b(f).
-9
Let p = 33 - 14. Let j = -17 + p. Let n(q) = 2*q**3 - 2*q**2 - 2*q. Give n(j).
4
Let u be -2 - 0/2 - -6. Let p be (u/(-6))/(6/(-9)). Let s(a) = a - 3*a**2 - 3*a**2 + 0*a. Determine s(p).
-5
Let b(r) = r**3 - 3*r**2 + 2*r. Suppose j - 3*q = -0*j - 17, -5*j + 2*q = 98. Let l be 2/8 + (-35)/j. Determine b(l).
0
Let s be (-32)/(-20) + 12/(-20). Let z(y) = 2*y**2 + 1. Calculate z(s).
3
Let o(y) = -y**3 + 6*y**2 - y - 2. Let r(u) = -u + 1. Let c be r(-3). Suppose 0 = 3*m - 14 - c. What is o(m)?
-8
Suppose 7*y + 2*q - 17 = 2*y, -y + 5*q + 25 = 0. Let l(a) = a + a - y*a + a + 3. What is l(-3)?
9
Let v(g) be the third derivat